 = 98 - 63. Suppose -q - 4*w = 15, 5*q - 5*w = 3*q + d. Suppose -p = -2*x + 76, 3*x - 6*x + 127 = q*p. Is x a multiple of 14?
False
Let p(o) = -o**2 + 5*o - 6. Let w be 8*(-3)/(-18)*3. Let n be p(w). Let q(a) = -28*a - 2. Is q(n) a multiple of 20?
False
Let i(k) = 7*k**2 + 3*k + 1. Does 16 divide i(3)?
False
Suppose -2*i + 16 = -0*i. Suppose -3*k = -k - i. Suppose -k*f + 2*b = -16, -3*b - 7 = 3*f - 37. Does 4 divide f?
False
Suppose 3*k = 55 + 32. Is k a multiple of 8?
False
Let q(k) be the second derivative of 0 + 1/12*k**4 + 1/3*k**3 - 7/5*k**5 + 1/2*k**2 - 2*k. Is q(-1) a multiple of 14?
True
Is -6 + 85/15 + (-496)/(-3) a multiple of 33?
True
Suppose -o + 18 = 3*i, 4*o - 24 = -5*i + 13. Suppose 158 = 2*w + x, 23 = w + o*x - 61. Suppose -3*d = 6, 0 = 5*q + d - 5*d - w. Is q a multiple of 7?
True
Let o = -3 - -48. Is o a multiple of 15?
True
Suppose -5*t + 3*t + 42 = 0. Is 4 a factor of t - (-8)/6*-3?
False
Let d(f) = -3*f**2 + 2 - 11*f + f**2 + f**2. Suppose 2*c = -8 - 12. Is 12 a factor of d(c)?
True
Suppose 0 = 12*k - k - 759. Is 23 a factor of k?
True
Let r(y) = -y**2 + 4*y - 4. Let a be r(3). Let v(w) = -9*w**3 + 0*w - 24*w**3 + w. Is v(a) a multiple of 13?
False
Let y(m) = m**3 + 5*m**2 - m + 1. Let k be y(-5). Suppose v + k = 2*v. Is v a multiple of 5?
False
Suppose 0 = -4*x + 2*x + 68. Is 17 a factor of x?
True
Let h = 169 - 89. Suppose -5*f = -f - h. Does 20 divide f?
True
Suppose -2*s = -2*i - 196, 4*s - 191 = 2*s + i. Does 7 divide s?
False
Let y = 3 - -13. Is 12 a factor of ((-8)/y)/((-2)/64)?
False
Let c(i) = -i**3 - 4*i**2 - 2*i - 1. Let w be c(-3). Let l be 2871/21 + w/(-14). Suppose 5*g - 47 = 5*n - l, -3*n + 46 = g. Does 8 divide n?
True
Let y(n) = -2*n - 3 + 6 - 4. Is y(-5) a multiple of 3?
True
Does 10 divide (11/4 - 3/(-12)) + 227?
True
Let r(d) = -14*d**2 - 4*d + 33. Let v(h) = -5*h**2 - h + 11. Let m(i) = -4*r(i) + 11*v(i). Is 11 a factor of m(-10)?
False
Let f = -61 + 149. Is f a multiple of 23?
False
Let q(f) = -3*f + 2. Let d be q(3). Is 21 a factor of (3/(-2))/(d/98)?
True
Let l(s) be the first derivative of -s**4/4 + 4*s**3/3 + s**2 + 2*s - 2. Let c be l(4). Let t = c - 7. Is t a multiple of 2?
False
Let u(b) = -b**3 - 21*b**2 - 25*b - 29. Is 14 a factor of u(-20)?
False
Let x(y) = -y**3 - 6*y**2 - 6*y - 5. Let q be x(-8). Suppose 3*p = -0*p + q. Does 25 divide p?
False
Let n(g) = g**2 + 2. Let l be n(0). Suppose 0*i - 4*i = -l*o - 262, -4*i + 4*o + 264 = 0. Is 22 a factor of i?
False
Let n(u) = u + 1. Let f be n(4). Let q be ((-8)/f)/(1/(-5)). Suppose 3*v - 3*b = 9, 4*v + 2*b + 2 = q. Is v a multiple of 2?
True
Suppose -3*j + 2*j = 0. Let v(t) = -t**3 + t**2 + 7. Is 3 a factor of v(j)?
False
Suppose 2*m = 18 + 526. Does 7 divide m?
False
Suppose -202 = -5*v - 17. Is v a multiple of 15?
False
Suppose 0 = -4*m + 1861 - 401. Does 15 divide m?
False
Suppose 4*m = 3*h + 322, 2*h + 88 = m + 5*h. Is m a multiple of 5?
False
Let s = -8 - -21. Does 13 divide s?
True
Let v be 20/6*6/(-2). Does 5 divide v*(-3)/3 + 2?
False
Let l(d) = d - 9*d + d**3 - d + 3*d**2 - 5 + 2*d. Let j(f) = f - 12. Let z be j(8). Is 5 a factor of l(z)?
False
Let c(r) = -r**3 - 9*r**2 - 10*r - 9. Suppose u = -3*u + 128. Suppose -5*z - u = 4*j, 2*z = 4*z - 4*j + 24. Is c(z) a multiple of 7?
True
Suppose 4*n - 128 = -8. Suppose n = 3*u - 0*u. Let s = u + -4. Is 5 a factor of s?
False
Let t be (27/36)/((-1)/(-12)). Is 6 a factor of 3/(t/30) - 1?
False
Let j = 46 + -31. Suppose -m = -j + 5. Does 5 divide m?
True
Let h = -6 - -9. Let d(n) = h - 5*n - 4 + 3 + 0. Is d(-4) a multiple of 11?
True
Let i = -14 - -24. Is i a multiple of 3?
False
Let z be (-8)/6*1*-9. Let w = -8 + z. Suppose -8*t - 5*x + 63 = -4*t, -w*t - 4*x + 60 = 0. Is t a multiple of 6?
True
Suppose -5*w = 6*t - 2*t - 8, -3*w + 5*t - 10 = 0. Suppose w = -2*i - 3*i + 130. Does 12 divide i?
False
Let g(u) = 3*u - 2. Let h(v) = -5*v + 3*v + 3*v. Let y be h(5). Does 13 divide g(y)?
True
Suppose h - 5 = -2*u, 4*h - 4 - 16 = -2*u. Let j be (0 + 1)/(-1)*u. Suppose 2*y = -3*y - 3*l + 83, -4*y - l + 65 = j. Is 8 a factor of y?
True
Is 8 a factor of (-64 + 6)*(-1)/2?
False
Suppose -2*i + 72 = i. Suppose 3*q + i = 5*q. Does 4 divide q?
True
Suppose 0 = 4*b + 4, 4*b - b + 85 = 2*l. Is 10 a factor of l?
False
Let c(i) = i**2 + 2*i - 7. Let p be (13 - -1) + 0 - -2. Let r = p + -11. Is 14 a factor of c(r)?
True
Let k = -5 - -8. Let s be 28/k*3 + 2. Suppose -3*o + 0*o + s = 0. Does 5 divide o?
True
Let v be (-2*6)/(-2)*1. Suppose -k + 2*j + 0*j + v = 0, -5*k - 4*j = -86. Is k a multiple of 9?
False
Is (-2)/6 - (0 - (-724)/(-12)) a multiple of 20?
True
Let m(n) = n**2 - 4*n + 3. Let b be m(3). Let r(y) = -4*y**2 + 3 + y**3 + 2 - 4*y + b*y**3. Is r(5) a multiple of 5?
True
Suppose 0 = -z + t + 26, 25 = 4*z + 5*t - 34. Does 20 divide z?
False
Is 10 a factor of -39*3/(-9)*2?
False
Let f(b) be the first derivative of b**3/3 - b**2 - 3*b - 2. Let o be 4*(3 - 0)/(-6). Is 2 a factor of f(o)?
False
Suppose -c + 2 = -3. Does 10 divide (2/c)/((-6)/(-150))?
True
Let g(n) = n**3 + 5*n**2 + 6*n + 6. Let o be g(-4). Is (12/(-9))/(o/18) a multiple of 7?
False
Suppose -5*f - 3*v + 20 = 2*v, 5*v + 12 = 3*f. Suppose 2*m - 2 = 2*y - 62, -3*y - f*m = -90. Is y a multiple of 10?
True
Let u be 1*(3 + -6) + -1. Is u/6 + (-260)/(-12) a multiple of 7?
True
Let g(p) = p**2 + p - 6. Let y = -18 + 11. Does 12 divide g(y)?
True
Suppose -9*z + 317 + 133 = 0. Is 50 a factor of z?
True
Is 32 a factor of 3/(-24) + 3845/40?
True
Suppose -q - 2*p = -58, 238 = 4*q - p + 3*p. Let s be (2/(-4))/(5/q). Let o = s - -12. Is 6 a factor of o?
True
Let n be (-12)/8 + (-1)/(-2). Let h be (-1)/(n*1/6). Let q(k) = 3*k - 6. Does 12 divide q(h)?
True
Let h = -3 + 11. Let b be 4/h*(1 - 1). Is 4 a factor of ((-3)/6 - b)*-8?
True
Let f(x) = -1 - 2*x + 0*x - 5 + 4*x. Let k be f(5). Let a = 26 - k. Does 10 divide a?
False
Does 8 divide (-8)/(-4 + 7 - 26/8)?
True
Let o = -263 + 465. Is 12 a factor of o?
False
Let w(c) = -c. Let q(v) = -3*v**2 + 6*v + 2. Let s(m) = -q(m) - 3*w(m). Does 8 divide s(-2)?
True
Let d(g) = -7*g**2 + 0*g + 2*g**3 + 4 + 7*g - 2. Let o be d(5). Suppose 0 = 5*p + 2*h - o, 2*p - 13 - 35 = -4*h. Is 11 a factor of p?
True
Does 25 divide (-1)/(2/(-200)*2)?
True
Let k(v) = -11*v + 6. Let j(i) = -i. Let f(t) = 4*j(t) - k(t). Is 18 a factor of f(6)?
True
Let u = 2 - 0. Is (u + 105/(-3))/(-1) a multiple of 11?
True
Suppose 4*m = 10 - 2. Suppose 4*q + 0*q + x = 52, -m*q + 36 = 3*x. Does 12 divide q?
True
Let g(k) = -k**3 - 6*k**2 - 3*k - 2. Is g(-6) a multiple of 4?
True
Let j(b) = -3*b + 11. Does 6 divide j(-9)?
False
Does 18 divide 68 - (20/(-5) + 0)?
True
Let a(n) = 4*n**2 - 2*n - 1. Suppose -q - 12 = 5*j, 0 = -2*j - j + 3*q. Let c(r) = r**3 + r**2 - 2*r - 2. Let y be c(j). Does 12 divide a(y)?
False
Let m(i) = i**3 - 4*i**2 - 5*i. Let o(j) = -2*j - 13. Let l be o(-9). Let n be m(l). Suppose 111 = s + 4*s + 4*y, -5*s + 2*y + 117 = n. Is 17 a factor of s?
False
Does 13 divide (76/(-95))/(1/(-65))?
True
Suppose p - 8 = -p. Suppose p*v + v = 90. Is v a multiple of 14?
False
Let w(u) = -14*u + 8. Does 12 divide w(-8)?
True
Suppose u - w + 0*w = 4, -4*w - 18 = -5*u. Is 13 a factor of u + 2/(-4)*-74?
True
Suppose 4 = v - 16. Does 20 divide v?
True
Let n(h) = -h**2 + 5*h + 8. Let p be n(6). Suppose 0 = -p*k - k + 180. Is k a multiple of 13?
False
Suppose d + 225 = -3*q, -d + 0*q = q + 225. Is 10 a factor of (d/30)/(6/(-32))?
True
Let s = -26 + 51. Does 5 divide s?
True
Suppose -2*y = w + 2*w - 3, -5*w - 2 = y. Suppose y*p = 8*p - 4*j, 0 = 2*p + 4*j. Suppose 4*r + 8 = 0, 2*r + p*r = 4*s - 24. Is 3 a factor of s?
False
Let j(u) = -2*u - 5. Let b be j(8). Let q = -3 - b. Is 9 a factor of q?
True
Let x = 15 - 9. Let v(s) = -s**2 - 6*s - 1. Let m be v(-6). Let a = m + x. Does 2 divide a?
False
Let r(x) be the third derivative of -x**4/24 + 5*x**3/2 - 3*x**2. Does 4 divide r(11)?
True
Suppose 2*o = 7*o - h + 255, 0 = -2*o + 2*h - 110. Does 25 divide -3 + 6 - (o - 0)?
False
Is 90/((-1)/(6/(-9))) a multiple of 15?
True
Let r(l) be the second derivative of l**5/20 - l**3/6 + 3*l**2/2 + l. Is r(3) a multiple of 13?
False
Suppose -2*c - 5 = -3*c. Suppose -2 = -5*a - 2*v - 72, 0 = c*a - 2*v + 50. Is (-1*5)/(4/a) a multiple of 11?
False
Is (1/(-3))/((-28)/8820) 